Calculate the remainder when i is divided by 61.
58
Suppose 0 = -50*y - 296 + 1246. What is the remainder when y is divided by 8?
3
Let p = -31 - -34. Suppose 2*o = -o + 15, -150 = -5*j - p*o. Calculate the remainder when j is divided by 7.
6
Let s = 119 + -112. Suppose s*j + 37 - 79 = 0. What is the remainder when 87 is divided by j?
3
Suppose 40 = 2*b + 5*a, -5*a = -24*b + 21*b - 15. Let l(q) = -q - 2. What is the remainder when b is divided by l(-3)?
0
Suppose 99 - 83 = 8*o. Suppose -3*g = -5 - 7. Suppose 0*a + g*a + 27 = 5*t, 3*t + 6 = -5*a. What is the remainder when t is divided by o?
1
Let c = -1159 + 1179. What is the remainder when c is divided by 7?
6
Suppose -3*k + 4*s + 42 = 0, k + s + 2*s - 27 = 0. Let p(c) = 21*c + 1. Let f be p(-3). Let v = 96 + f. Calculate the remainder when v is divided by k.
16
Let l(y) = -91*y - 27 - 9 + 85*y. Suppose -i = m - 2*m + 87, -2*i = -2. What is the remainder when m is divided by l(-11)?
28
Suppose -48*f = -47*f - 41. Calculate the remainder when 202 is divided by f.
38
Let z(m) = -m**2 + 31*m - 168. What is the remainder when 185 is divided by z(8)?
9
Suppose -4*g + 4*k = 152, 0 = -3*g - 5*k + 6 - 136. Let d = -30 - g. What is the remainder when d is divided by 7?
3
Suppose 2*y + 5*l = 3*y - 3, -l + 57 = 3*y. Calculate the remainder when 85 is divided by y.
13
Let w(v) = -5*v + 53. Calculate the remainder when 2172 is divided by w(0).
52
Suppose 15 + 34 = 3*q - 5*w, 5*q + 4*w - 20 = 0. Calculate the remainder when 34 is divided by q.
2
Let f(i) = i**2 + i + 16. Suppose 2*t = -4*r - 0*r + 18, -3 = -4*r + t. Calculate the remainder when (2/6)/(r/366) is divided by f(0).
13
Let b = 56 + -54. Calculate the remainder when 115 is divided by -3 + b + 4*10.
37
Suppose 2*n = -4*f + 3*f + 39, -n - 2 = 0. Calculate the remainder when f is divided by 66/4*(2 + (-4)/3).
10
Suppose 13*f + 189 = 22*f. Calculate the remainder when 95 is divided by f.
11
Let y(g) = -6*g + 25. Let f be y(-13). Suppose 3*v + f = -0*p + 4*p, 5*v = 4*p - 113. What is the remainder when 78 is divided by p?
12
Let d be (-594)/(-21) + ((-18)/(-21))/(-3). Suppose d*h = 23*h + 160. Calculate the remainder when 60 is divided by h.
28
Suppose -2*t + 90 = 4*t. What is the remainder when 117 is divided by t?
12
Let o(r) = -r**3 + 15*r**2 - 21*r + 30. Let c be o(14). Let d = -36 - c. Calculate the remainder when 159 is divided by d.
31
Let m be 4/(((-30)/3)/5). Let x(h) = -h**3 + h**2 - 2*h - 2. What is the remainder when x(m) is divided by 2 - (9/3)/(-1)?
4
Suppose 4*i = 3*h + 512, 2*i - 18*h = -13*h + 242. Calculate the remainder when i is divided by 21.
5
Let d(o) = -o**3 - 3*o**2 - 2*o + 1. Let i be 7/(-2) - 4/(-8*1). Calculate the remainder when d(i) is divided by -5*3/(3*-1).
2
What is the remainder when 950 is divided by (11 + -8)/(1*6)*68?
32
Let r = 17 + -6. Calculate the remainder when (-67 + 63)/(8/(-42)) is divided by r.
10
Let f = -1198 - -1523. What is the remainder when f is divided by 104?
13
Suppose -3*j - o - 103 + 156 = 0, -13 = -j + 2*o. What is the remainder when 27 is divided by j?
10
Suppose 4*h - 809 = 5*q, -97 = -4*h + 2*q + 709. What is the remainder when h is divided by 10?
1
Let q be 25/(-2) - (-5 - (-45)/10). Calculate the remainder when 29 is divided by 305/20 + (-9)/q.
13
Let p(d) = d**2 - 3*d - 7. Let y be p(5). Suppose -n + y*n - 22 = 0. What is the remainder when n is divided by 6/(((-360)/16)/(-15))?
3
Suppose 2*m - 4*f - 124 = 26, -4*m - 3*f = -256. What is the remainder when m is divided by 10?
7
Suppose h - 19 = -0*o + 2*o, 0 = -3*o. Suppose -22*c = -h*c - 66. Calculate the remainder when 86 is divided by c.
20
Suppose -2*a - a - 132 = 0. Let w = -8 - a. Suppose b - 5*b = -w. Calculate the remainder when 44 is divided by b.
8
Let y be (-1)/5 + (-705)/(-25). Let m = y - 13. What is the remainder when 58 is divided by m?
13
Calculate the remainder when (199/(-3))/((-97)/873) is divided by 20.
17
Suppose 3*u + d = 6*d - 127, 4*u + 2*d + 126 = 0. Let f = u + 52. What is the remainder when 35 is divided by f?
17
Let v = 745 + -627. What is the remainder when v is divided by 30?
28
Let w(b) = -315*b - 352. What is the remainder when w(-7) is divided by 35?
33
Let b be 1 + -3 + 4/(-1). Let t(k) = k**2 - 2*k. Let f be t(b). Let x = -20 + f. Calculate the remainder when x is divided by 10.
8
Suppose 3*i + 13 = 5*w - 69, 5*w + 5*i = 50. Let h = -76 + 85. Calculate the remainder when w is divided by h.
5
Let l(d) = -d**3 + 8*d**2 - 3*d - 3. Let j be l(7). Let v be (3 + 15/(-6))*4. Suppose -v*i + j = -33. What is the remainder when i is divided by 15?
14
Let o = 6 - -3. Suppose 3*m = 2*m - 3. Calculate the remainder when (-3 + 5)/(m/(-51)) is divided by o.
7
Suppose -4*m + 3*f - 319 = -9*m, 2*m - 3*f = 136. Calculate the remainder when m is divided by 15.
5
Suppose 2*w = 5*r - w - 244, -w + 202 = 4*r. Let k(q) = -q + 12. Let h be k(6). Calculate the remainder when r is divided by h/(-8)*-4 - -10.
11
Suppose 3*n + t - 411 = 0, -t + 219 + 330 = 4*n. Let k = n - 127. Let f(a) = -a. Calculate the remainder when k is divided by f(-3).
2
Let w(z) = 18*z - 2. Let a = -2 - -7. What is the remainder when w(2) is divided by a?
4
Let l(w) = -w**2 - 5*w - 4. Let r be l(-4). Suppose -5*g + 9*g - 108 = 0. Suppose r*o - g = -3*o. What is the remainder when 42 is divided by o?
6
Suppose 19*f - 15*f - 32 = 0. Let q be (-1)/4 + 50/f. Suppose u + u - q = 0. Calculate the remainder when 5 is divided by u.
2
Let n(x) = -x**3 - 7*x**2 - 4*x - 6. What is the remainder when n(-7) is divided by (-816)/(-153)*(-18)/(-8)?
10
Let d = -297 + 324. Calculate the remainder when 69 is divided by d.
15
Suppose -2 + 2 = -5*g. Let v(f) = f + 16. What is the remainder when 59 is divided by v(g)?
11
Let n(a) = 3*a**2 + 7*a + 5. Let r be n(-4). Suppose 5*q + 3*d - 597 = -r, 2*d = q - 104. What is the remainder when q is divided by 19?
17
Let m = -490 + 707. Calculate the remainder when m is divided by 264/(-9)*(216/16)/(-9).
41
Suppose -8*q + 12*q = 544. Let f = q + -115. What is the remainder when 81 is divided by f?
18
Let y = 135 - 83. Let q = -1031 + 1045. What is the remainder when y is divided by q?
10
Let f = -273 - -312. What is the remainder when f is divided by 14?
11
Suppose -18*a + 5835 = -1131. What is the remainder when a is divided by 65?
62
Let d(q) = 4*q**2 + 5*q - 12. Calculate the remainder when 228 is divided by d(3).
33
Let h be 78*(-2)/(-4) - 4. Suppose 25 = 4*z - h. What is the remainder when 42 is divided by z?
12
Suppose 0 = y + 1, -2*s - 7 - 12 = -5*y. Let d = -9 - s. Let x(b) = b**3 - 2*b**2 + 3*b - 3. Calculate the remainder when x(2) is divided by d.
0
Suppose x - 66 = -3*a, -4*x + 44 = 3*a - 22. What is the remainder when 43 is divided by a?
21
Suppose -5*z = -463 + 18. Let v = 2550 - 2520. Calculate the remainder when z is divided by v.
29
Let d(q) = q**3 - 6*q**2 - 2*q + 5. Let u(r) = -3*r - 3 + r + 2. Let j be u(-4). Calculate the remainder when d(j) is divided by 14.
12
Let b = -134 - -149. What is the remainder when 1169 is divided by b?
14
Suppose 0 = -2*y + 7 - 1. Let m = 6 - y. Calculate the remainder when 27 is divided by 4 + (-1 - 1) + m.
2
Suppose -3*t + 2*h = -10, -h + 0 - 2 = 0. Calculate the remainder when 28 is divided by t.
0
Suppose -4*d + 3*z + 30 = 0, -d - 4*z - 2 = -0*z. Let a(y) = y**2 + 2*y + 7. Let c be a(-5). Suppose g + g = c. What is the remainder when g is divided by d?
5
Let u(r) = -r**3 + 3*r**2 + 3*r - 2. Let o be u(-6). Suppose -13*a + o = 6*a. What is the remainder when 63 is divided by a?
15
Suppose 6*h + 2*t - 318 = 4*h, -h + 175 = 5*t. Calculate the remainder when h is divided by 39.
38
Calculate the remainder when 24/(-16)*24/(-9)*11 is divided by 24.
20
What is the remainder when (-8)/48*-6*971 is divided by 81?
80
Calculate the remainder when 51 is divided by 5 + (-68)/(-2) - (-5 + 3).
10
Suppose -9*b = -7*b - 40. What is the remainder when (-2 - (2 - 59)) + 2 is divided by b?
17
Suppose 126*y - 116 = 122*y. Calculate the remainder when 107 is divided by y.
20
Let k(s) = -s**3 - 13*s**2 - 18*s - 6. Let l be k(-12). Suppose 4*i - l = -2*i. What is the remainder when 52 is divided by i?
8
Let t = -693 + 662. Let u = 22 - 82. Let n = t - u. What is the remainder when 57 is divided by n?
